by 44079.
634
What is the remainder when 14187816 is divided by 262?
254
Calculate the remainder when 10636474 is divided by 69068.
2
Calculate the remainder when 775806 is divided by 129242.
354
What is the remainder when 386415 is divided by 386398?
17
Calculate the remainder when 240809 is divided by 4376.
129
Calculate the remainder when 732404 is divided by 2487.
1226
Calculate the remainder when 9573256 is divided by 299163.
40
Calculate the remainder when 4567596 is divided by 1522519.
39
What is the remainder when 161478282 is divided by 38?
18
What is the remainder when 13607 is divided by 12222?
1385
What is the remainder when 40047 is divided by 13284?
195
Calculate the remainder when 85962391 is divided by 74.
69
What is the remainder when 453913 is divided by 113472?
25
What is the remainder when 16467 is divided by 38?
13
Calculate the remainder when 1334067 is divided by 22611.
18
Calculate the remainder when 4868664 is divided by 31.
21
What is the remainder when 80091892 is divided by 15?
7
Calculate the remainder when 5920528 is divided by 15.
13
Calculate the remainder when 466982111 is divided by 2228.
2223
What is the remainder when 51109 is divided by 17021?
46
What is the remainder when 412588 is divided by 11457?
136
Calculate the remainder when 2423754 is divided by 46609.
86
What is the remainder when 2890780 is divided by 297?
79
Calculate the remainder when 1258287 is divided by 477.
438
Calculate the remainder when 167806 is divided by 55864.
214
Calculate the remainder when 847177 is divided by 120934.
639
Calculate the remainder when 40060768 is divided by 327.
325
What is the remainder when 4776599 is divided by 114?
113
Calculate the remainder when 61941077 is divided by 831.
830
What is the remainder when 32038178 is divided by 364070?
18
Calculate the remainder when 175131 is divided by 18719.
6660
Calculate the remainder when 6961740 is divided by 3.
0
What is the remainder when 1893549 is divided by 270506?
7
Calculate the remainder when 3213862 is divided by 321385.
12
Calculate the remainder when 13186 is divided by 8870.
4316
Calculate the remainder when 28999120 is divided by 2129.
11
Calculate the remainder when 102928317 is divided by 1083.
1080
What is the remainder when 144337920 is divided by 9?
6
Calculate the remainder when 146934 is divided by 12244.
6
Calculate the remainder when 1564974 is divided by 521654.
12
What is the remainder when 54868 is divided by 8966?
1072
What is the remainder when 2249222 is divided by 172995?
287
What is the remainder when 755148 is divided by 35959?
9
What is the remainder when 1403605 is divided by 699?
13
Calculate the remainder when 209561 is divided by 1144.
209
Calculate the remainder when 1777623 is divided by 135.
78
Calculate the remainder when 28476555 is divided by 7119130.
35
What is the remainder when 45838665 is divided by 69876?
9
What is the remainder when 17998810 is divided by 156?
154
Calculate the remainder when 11061273 is divided by 43.
39
What is the remainder when 669832 is divided by 191?
186
Calculate the remainder when 339451 is divided by 56573.
13
Calculate the remainder when 248081 is divided by 12670.
7351
What is the remainder when 3645758 is divided by 26807?
6
Calculate the remainder when 794946 is divided by 362.
356
Calculate the remainder when 227904 is divided by 113375.
1154
Calculate the remainder when 4335209 is divided by 9.
8
Calculate the remainder when 756378 is divided by 211.
154
Calculate the remainder when 141026 is divided by 14.
4
Calculate the remainder when 271450 is divided by 558.
262
What is the remainder when 5011785 is divided by 36851?
49
Calculate the remainder when 78371 is divided by 4870.
451
Calculate the remainder when 17202525 is divided by 636.
633
Calculate the remainder when 1001948 is divided by 1278.
1274
Calculate the remainder when 12820358 is divided by 654.
650
What is the remainder when 105541235 is divided by 293?
291
What is the remainder when 287299 is divided by 14?
5
What is the remainder when 4107859 is divided by 45?
34
What is the remainder when 82023904 is divided by 4717?
4708
Calculate the remainder when 475717 is divided by 354.
295
Calculate the remainder when 1668791 is divided by 36278.
3
What is the remainder when 29249 is divided by 3947?
1620
What is the remainder when 70416238 is divided by 6886?
2
Calculate the remainder when 7276088 is divided by 2033.
2014
Calculate the remainder when 56506028 is divided by 1295.
1293
Calculate the remainder when 7734203 is divided by 23.
16
What is the remainder when 1241957 is divided by 488?
485
Calculate the remainder when 6423502 is divided by 1188.
1174
Calculate the remainder when 12345519 is divided by 91448.
39
Calculate the remainder when 177839 is divided by 2217.
479
What is the remainder when 2179338 is divided by 120?
18
Calculate the remainder when 32788 is divided by 3544.
892
Calculate the remainder when 5834 is divided by 4932.
902
What is the remainder when 893313 is divided by 13?
5
What is the remainder when 85568 is divided by 713?
8
What is the remainder when 426184 is divided by 106110?
1744
Calculate the remainder when 250048 is divided by 6406.
214
Calculate the remainder when 7524380 is divided by 2358.
2
What is the remainder when 118235825 is divided by 80928?
17
Calculate the remainder when 907546 is divided by 1852.
66
What is the remainder when 13520790 is divided by 8?
6
Calculate the remainder when 1725910 is divided by 209.
197
What is the remainder when 2128128 is divided by 531992?
160
Calculate the remainder when 163819 is divided by 1517.
1500
Calculate the remainder when 479133 is divided by 459.
396
Calculate the remainder when 39985007 is divided by 24.
23
What is the remainder when 7007464 is divided by 2?
0
Calculate the remainder when 7044 is divided by 5912.
1132
Calculate the remainder when 97945414 is divided by 27.
25
Calculate the remainder when 137162 is divided by 68460.
242
What is the remainder when 172218 is divided by 6886?
68
Calculate the remainder when 40482 is divided by 39992.
490
What is the remainder when 585751187 is divided by 23?
21
What is the remainder when 106886 is divided by 415?
231
What is the remainder when 27813715 is divided by 6953418?
43
What is the remainder when 2511016 is divided by 80993?
233
Calculate the remainder when 190352 is divided by 593.
592
What is the remainder when 90818 is divided by 6986?
0
What is the remainder when 6792519 is divided by 348?
255
Calculate the remainder when 87506508 is divided by 1196.
1168
Calculate the remainder when 163842926 is divided by 106.
104
What is the remainder when 17721626 is divided by 5?
1
What is the remainder when 101892907 is divided by 11?
6
Calculate the remainder when 51891 is divided by 36.
15
Calculate the remainder when 1835992691 is divided by 852.
851
Calculate the remainder when 42307 is divided by 5605.
3072
What is the remainder when 1710459 is divided by 332?
327
Calculate the remainder when 119104346 is divided by 2604.
2594
Calculate the remainder when 15609706 is divided by 7.
0
What is the remainder when 758677 is divided by 759?
436
Calculate the remainder when 27614496 is divided by 1847.
1846
Calculate the remainder when 119257 is divided by 59622.
13
Calculate the remainder when 522203 is divided by 243.
239
Calculate the remainder when 672171 is divided by 224055.
6
Calculate the remainder when 28909941 is divided by 705.
6
What is the remainder when 3019489 is divided by 31126?
267
What is the remainder when 2593532 is divided by 264?
260
What is the remainder when 4642494 is divided by 721?
696
Calculate the remainder when 2518971 is divided by 582.
75
What is the remainder when 389885 is divided by 117?
41
What is the remainder when 2135912 is divided by 30955?
17
What is the remainder when 78206493 is divided by 737797?
11
What is the remainder when 4217647 is divided by 257?
20
What is the remainder when 89558 is divided by 1262?
1218
Calculate the remainder when 405831 is divided by 145.
121
What is the remainder when 1160730 is divided by 4?
2
Calculate the remainder when 288867 is divided by 6720.
6627
Calculate the remainder when 7872966 is divided by 1574586.
36
Cal